{"id":736,"date":"2017-04-11T07:39:40","date_gmt":"2017-04-11T07:39:40","guid":{"rendered":"http:\/\/www.velika-trnovitica.hr\/?page_id=736"},"modified":"2017-04-11T07:39:40","modified_gmt":"2017-04-11T07:39:40","slug":"financijsko-izvjestavanje-za-2016-godinu","status":"publish","type":"page","link":"https:\/\/www.velika-trnovitica.hr\/?page_id=736","title":{"rendered":"Financijsko izvje\u0161tavanje za 2016.godinu"},"content":{"rendered":"<p style=\"text-align: center;\">OP\u0106INA VELIKA TRNOVITICA GODI\u0160NJI IZVJE\u0160TAJ O IZVR\u0160ENJU PRORA\u010cUNA OP\u0106INE<\/p>\n<p style=\"text-align: center;\">VELIKA TRNOVITICA ZA I &#8211; XII 2016. godine<\/p>\n<p style=\"text-align: center;\">\n<p style=\"text-align: center;\"><a href=\"https:\/\/www.velika-trnovitica.hr\/wp-content\/uploads\/2017\/04\/Op\u0107i-dio-izvr\u0161enje.pdf\" rel=\"\">Op\u0107i dio &#8211; izvr\u0161enje<\/a><\/p>\n<p style=\"text-align: center;\"><a href=\"https:\/\/www.velika-trnovitica.hr\/wp-content\/uploads\/2017\/04\/Posebni-dio-izvr\u0161enje.pdf\" rel=\"\">Posebni dio &#8211; izvr\u0161enje<\/a><\/p>\n<p style=\"text-align: center;\">\n<p style=\"text-align: center;\"><a href=\"https:\/\/www.velika-trnovitica.hr\/wp-content\/uploads\/2017\/04\/ZAVR\u0160NI-2016.xls\" rel=\"\">ZAVR\u0160NI 2016<\/a><\/p>\n","protected":false},"excerpt":{"rendered":"<p>OP\u0106INA VELIKA TRNOVITICA GODI\u0160NJI IZVJE\u0160TAJ O IZVR\u0160ENJU PRORA\u010cUNA OP\u0106INE VELIKA TRNOVITICA ZA I &#8211; XII 2016. godine Op\u0107i dio &#8211; izvr\u0161enje Posebni dio &#8211; izvr\u0161enje ZAVR\u0160NI 2016<\/p>\n","protected":false},"author":1,"featured_media":0,"parent":0,"menu_order":0,"comment_status":"closed","ping_status":"closed","template":"","meta":{"ngg_post_thumbnail":0,"footnotes":""},"class_list":["post-736","page","type-page","status-publish","hentry"],"_links":{"self":[{"href":"https:\/\/www.velika-trnovitica.hr\/index.php?rest_route=\/wp\/v2\/pages\/736","targetHints":{"allow":["GET"]}}],"collection":[{"href":"https:\/\/www.velika-trnovitica.hr\/index.php?rest_route=\/wp\/v2\/pages"}],"about":[{"href":"https:\/\/www.velika-trnovitica.hr\/index.php?rest_route=\/wp\/v2\/types\/page"}],"author":[{"embeddable":true,"href":"https:\/\/www.velika-trnovitica.hr\/index.php?rest_route=\/wp\/v2\/users\/1"}],"replies":[{"embeddable":true,"href":"https:\/\/www.velika-trnovitica.hr\/index.php?rest_route=%2Fwp%2Fv2%2Fcomments&post=736"}],"version-history":[{"count":1,"href":"https:\/\/www.velika-trnovitica.hr\/index.php?rest_route=\/wp\/v2\/pages\/736\/revisions"}],"predecessor-version":[{"id":741,"href":"https:\/\/www.velika-trnovitica.hr\/index.php?rest_route=\/wp\/v2\/pages\/736\/revisions\/741"}],"wp:attachment":[{"href":"https:\/\/www.velika-trnovitica.hr\/index.php?rest_route=%2Fwp%2Fv2%2Fmedia&parent=736"}],"curies":[{"name":"wp","href":"https:\/\/api.w.org\/{rel}","templated":true}]}}