{"id":4571,"date":"2025-11-14T08:06:01","date_gmt":"2025-11-14T08:06:01","guid":{"rendered":"https:\/\/www.velika-trnovitica.hr\/?page_id=4571"},"modified":"2025-11-14T08:06:01","modified_gmt":"2025-11-14T08:06:01","slug":"prijedlog-proracuna-za-2026-godinu","status":"publish","type":"page","link":"https:\/\/www.velika-trnovitica.hr\/?page_id=4571","title":{"rendered":"Prijedlog prora\u010duna za 2026. godinu"},"content":{"rendered":"\n<div class=\"wp-block-file\"><a id=\"wp-block-file--media-9dc8c442-0f62-495a-960a-08ac698aa5b2\" href=\"https:\/\/www.velika-trnovitica.hr\/wp-content\/uploads\/2025\/11\/Naslovna-strana-prijedlog-proracuna-2026.-godina.pdf\">Naslovna strana &#8211; prijedlog prora\u010duna 2026. godina<\/a><\/div>\n\n\n\n<div class=\"wp-block-file\"><a id=\"wp-block-file--media-a742ed58-c10f-4ca0-b35c-fd8283140675\" href=\"https:\/\/www.velika-trnovitica.hr\/wp-content\/uploads\/2025\/11\/Opci-dio-prijedlog-proracuna-2026.-godina.pdf\">Op\u0107i dio &#8211; prijedlog prora\u010duna 2026. godina<\/a><\/div>\n\n\n\n<div class=\"wp-block-file\"><a id=\"wp-block-file--media-c740910b-fdea-48d8-8606-75eb9cfb57ac\" href=\"https:\/\/www.velika-trnovitica.hr\/wp-content\/uploads\/2025\/11\/Posebni-dio-prijedlog-proracuna-2026.-godina.pdf\">Posebni dio &#8211; prijedlog prora\u010duna 2026. godina<\/a><\/div>\n\n\n\n<div class=\"wp-block-file\"><a id=\"wp-block-file--media-982e8409-bf38-4491-877c-0fff7a6f37c5\" href=\"https:\/\/www.velika-trnovitica.hr\/wp-content\/uploads\/2025\/11\/Biljeske-uz-proracun-prijedlog-proracuna-2026.-godina.pdf\">Bilje\u0161ke uz prora\u010dun &#8211;  prijedlog  prora\u010duna &#8211; 2026. godina<\/a><\/div>\n\n\n\n<div class=\"wp-block-file\"><a id=\"wp-block-file--media-b4bfb684-37d0-4820-8248-f846f118ca8c\" href=\"https:\/\/www.velika-trnovitica.hr\/wp-content\/uploads\/2025\/11\/Odluka-o-izvrsenju-proracuna-prijedlog-proracuna-2026.pdf\">Odluka o izvr\u0161enju prora\u010duna &#8211; prijedlog prora\u010duna 2026<\/a><\/div>\n\n\n\n<p><\/p>\n","protected":false},"excerpt":{"rendered":"","protected":false},"author":1,"featured_media":0,"parent":0,"menu_order":0,"comment_status":"closed","ping_status":"closed","template":"","meta":{"ngg_post_thumbnail":0,"footnotes":""},"class_list":["post-4571","page","type-page","status-publish","hentry"],"_links":{"self":[{"href":"https:\/\/www.velika-trnovitica.hr\/index.php?rest_route=\/wp\/v2\/pages\/4571","targetHints":{"allow":["GET"]}}],"collection":[{"href":"https:\/\/www.velika-trnovitica.hr\/index.php?rest_route=\/wp\/v2\/pages"}],"about":[{"href":"https:\/\/www.velika-trnovitica.hr\/index.php?rest_route=\/wp\/v2\/types\/page"}],"author":[{"embeddable":true,"href":"https:\/\/www.velika-trnovitica.hr\/index.php?rest_route=\/wp\/v2\/users\/1"}],"replies":[{"embeddable":true,"href":"https:\/\/www.velika-trnovitica.hr\/index.php?rest_route=%2Fwp%2Fv2%2Fcomments&post=4571"}],"version-history":[{"count":1,"href":"https:\/\/www.velika-trnovitica.hr\/index.php?rest_route=\/wp\/v2\/pages\/4571\/revisions"}],"predecessor-version":[{"id":4578,"href":"https:\/\/www.velika-trnovitica.hr\/index.php?rest_route=\/wp\/v2\/pages\/4571\/revisions\/4578"}],"wp:attachment":[{"href":"https:\/\/www.velika-trnovitica.hr\/index.php?rest_route=%2Fwp%2Fv2%2Fmedia&parent=4571"}],"curies":[{"name":"wp","href":"https:\/\/api.w.org\/{rel}","templated":true}]}}