{"id":4359,"date":"2025-03-26T09:30:07","date_gmt":"2025-03-26T09:30:07","guid":{"rendered":"https:\/\/www.velika-trnovitica.hr\/?page_id=4359"},"modified":"2025-03-26T09:30:08","modified_gmt":"2025-03-26T09:30:08","slug":"polugodisnji-izvjestaj-o-izvrsenju-proracuna-za-2024-godinu","status":"publish","type":"page","link":"https:\/\/www.velika-trnovitica.hr\/?page_id=4359","title":{"rendered":"Polugodi\u0161nji izvje\u0161taj o izvr\u0161enju prora\u010duna za 2024. godinu"},"content":{"rendered":"\n<div class=\"wp-block-file\"><a id=\"wp-block-file--media-6ee7aefa-5da5-4afb-aa9b-74c7657707bd\" href=\"https:\/\/www.velika-trnovitica.hr\/wp-content\/uploads\/2025\/03\/Naslovna-polugodisnji-izvjestaj-o-izvrsenju-proracuna.pdf\">Naslovna &#8211; polugodi\u0161nji izvje\u0161taj o izvr\u0161enju prora\u010duna<\/a><\/div>\n\n\n\n<div class=\"wp-block-file\"><a id=\"wp-block-file--media-fa1ba61c-4c87-44c9-8a1c-6bab21e2f0b2\" href=\"https:\/\/www.velika-trnovitica.hr\/wp-content\/uploads\/2025\/03\/Opci-dio-polugodisnji-izvjestaj-o-izvrsenju-proracuna.pdf\">Op\u0107i dio &#8211; polugodi\u0161nji izvje\u0161taj o izvr\u0161enju prora\u010duna<\/a><\/div>\n\n\n\n<div class=\"wp-block-file\"><a id=\"wp-block-file--media-dc0cee91-af1b-44d1-93ea-6a02d9103fcb\" href=\"https:\/\/www.velika-trnovitica.hr\/wp-content\/uploads\/2025\/03\/Posebni-dio-polugodisnji-izvjestaj-o-izvrsenju-proracuna.pdf\">Posebni dio &#8211; polugodi\u0161nji izvje\u0161taj o izvr\u0161enju prora\u010duna<\/a><\/div>\n\n\n\n<div class=\"wp-block-file\"><a id=\"wp-block-file--media-f22256f8-8e71-401f-b871-75fb0c845f31\" href=\"https:\/\/www.velika-trnovitica.hr\/wp-content\/uploads\/2025\/03\/Biljeske-polugodisnji-izvjestaj-o-izvrsenju-proracuna.pdf\">Bilje\u0161ke &#8211; polugodi\u0161nji izvje\u0161taj o izvr\u0161enju prora\u010duna<\/a><\/div>\n\n\n\n<div class=\"wp-block-file\"><a id=\"wp-block-file--media-0101c1d0-72a8-4810-81b9-6cd13e903095\" href=\"https:\/\/www.velika-trnovitica.hr\/wp-content\/uploads\/2025\/03\/Izvjestaj-o-koristenju-proracunske-zalihe-1.pdf\">Izvje\u0161taj o kori\u0161tenju prora\u010dunske zalihe<\/a><\/div>\n\n\n\n<div class=\"wp-block-file\"><a id=\"wp-block-file--media-faf87c2b-90de-4693-bcc7-2d6bf65ee803\" href=\"https:\/\/www.velika-trnovitica.hr\/wp-content\/uploads\/2025\/03\/izvjestaj-o-zaduzivanju.pdf\">izvje\u0161taj o zadu\u017eivanju<\/a><\/div>\n\n\n\n<div class=\"wp-block-file\"><a id=\"wp-block-file--media-d5b25a7e-198c-4f44-8f7f-0c843ae7b83f\" href=\"https:\/\/www.velika-trnovitica.hr\/wp-content\/uploads\/2025\/03\/Odluka-o-prihvacanju-polugodisnjeg-izvjestaja-o-izvrsenju-proracuna.pdf\">Odluka o prihva\u0107anju polugodi\u0161njeg izvje\u0161taja o izvr\u0161enju prora\u010duna<\/a><\/div>\n","protected":false},"excerpt":{"rendered":"","protected":false},"author":1,"featured_media":0,"parent":0,"menu_order":0,"comment_status":"closed","ping_status":"closed","template":"","meta":{"ngg_post_thumbnail":0,"footnotes":""},"class_list":["post-4359","page","type-page","status-publish","hentry"],"_links":{"self":[{"href":"https:\/\/www.velika-trnovitica.hr\/index.php?rest_route=\/wp\/v2\/pages\/4359","targetHints":{"allow":["GET"]}}],"collection":[{"href":"https:\/\/www.velika-trnovitica.hr\/index.php?rest_route=\/wp\/v2\/pages"}],"about":[{"href":"https:\/\/www.velika-trnovitica.hr\/index.php?rest_route=\/wp\/v2\/types\/page"}],"author":[{"embeddable":true,"href":"https:\/\/www.velika-trnovitica.hr\/index.php?rest_route=\/wp\/v2\/users\/1"}],"replies":[{"embeddable":true,"href":"https:\/\/www.velika-trnovitica.hr\/index.php?rest_route=%2Fwp%2Fv2%2Fcomments&post=4359"}],"version-history":[{"count":1,"href":"https:\/\/www.velika-trnovitica.hr\/index.php?rest_route=\/wp\/v2\/pages\/4359\/revisions"}],"predecessor-version":[{"id":4368,"href":"https:\/\/www.velika-trnovitica.hr\/index.php?rest_route=\/wp\/v2\/pages\/4359\/revisions\/4368"}],"wp:attachment":[{"href":"https:\/\/www.velika-trnovitica.hr\/index.php?rest_route=%2Fwp%2Fv2%2Fmedia&parent=4359"}],"curies":[{"name":"wp","href":"https:\/\/api.w.org\/{rel}","templated":true}]}}