{"id":2405,"date":"2021-03-30T19:37:27","date_gmt":"2021-03-30T19:37:27","guid":{"rendered":"http:\/\/www.velika-trnovitica.hr\/?page_id=2405"},"modified":"2021-03-30T19:38:34","modified_gmt":"2021-03-30T19:38:34","slug":"2405-2","status":"publish","type":"page","link":"https:\/\/www.velika-trnovitica.hr\/?page_id=2405","title":{"rendered":"Godi\u0161nje izvr\u0161enje prora\u010duna za 2020. godinu"},"content":{"rendered":"\n<div class=\"wp-block-file\"><a href=\"https:\/\/www.velika-trnovitica.hr\/wp-content\/uploads\/2021\/03\/Naslovna-godi\u0161nje-izvr\u0161enje.pdf\">Naslovna &#8211; godi\u0161nje izvr\u0161enje<\/a><\/div>\n\n\n\n<div class=\"wp-block-file\"><a href=\"https:\/\/www.velika-trnovitica.hr\/wp-content\/uploads\/2021\/03\/Op\u0107i-dio.pdf\">Op\u0107i dio<\/a><\/div>\n\n\n\n<div class=\"wp-block-file\"><a href=\"https:\/\/www.velika-trnovitica.hr\/wp-content\/uploads\/2021\/03\/Posebni-dio.pdf\">Posebni dio<\/a><\/div>\n\n\n\n<div class=\"wp-block-file\"><a href=\"https:\/\/www.velika-trnovitica.hr\/wp-content\/uploads\/2021\/03\/Bilje\u0161ke-izvr\u0161enje-2020.-.pdf\">Bilje\u0161ke &#8211; izvr\u0161enje 2020.<\/a><\/div>\n\n\n\n<div class=\"wp-block-file\"><a href=\"https:\/\/www.velika-trnovitica.hr\/wp-content\/uploads\/2021\/03\/Izvje\u0161taj-o-zadu\u017eivanju-2020.pdf\">Izvje\u0161taj o zadu\u017eivanju-2020<\/a><\/div>\n\n\n\n<div class=\"wp-block-file\"><a href=\"https:\/\/www.velika-trnovitica.hr\/wp-content\/uploads\/2021\/03\/Izvje\u0161taj-o-kori\u0161tenju-prora\u010dunske-zalihe-2020..pdf\">Izvje\u0161taj o kori\u0161tenju prora\u010dunske zalihe &#8211; 2020.<\/a><\/div>\n\n\n\n<div class=\"wp-block-file\"><a href=\"https:\/\/www.velika-trnovitica.hr\/wp-content\/uploads\/2021\/03\/Izvr\u0161enje-plana-razvojnih-programa-2020..pdf\">Izvr\u0161enje plana razvojnih programa &#8211; 2020.<\/a><\/div>\n\n\n<p><!--EndFragment--><\/p>\n<p><\/p>","protected":false},"excerpt":{"rendered":"","protected":false},"author":1,"featured_media":0,"parent":0,"menu_order":0,"comment_status":"closed","ping_status":"closed","template":"","meta":{"ngg_post_thumbnail":0,"footnotes":""},"class_list":["post-2405","page","type-page","status-publish","hentry"],"_links":{"self":[{"href":"https:\/\/www.velika-trnovitica.hr\/index.php?rest_route=\/wp\/v2\/pages\/2405","targetHints":{"allow":["GET"]}}],"collection":[{"href":"https:\/\/www.velika-trnovitica.hr\/index.php?rest_route=\/wp\/v2\/pages"}],"about":[{"href":"https:\/\/www.velika-trnovitica.hr\/index.php?rest_route=\/wp\/v2\/types\/page"}],"author":[{"embeddable":true,"href":"https:\/\/www.velika-trnovitica.hr\/index.php?rest_route=\/wp\/v2\/users\/1"}],"replies":[{"embeddable":true,"href":"https:\/\/www.velika-trnovitica.hr\/index.php?rest_route=%2Fwp%2Fv2%2Fcomments&post=2405"}],"version-history":[{"count":2,"href":"https:\/\/www.velika-trnovitica.hr\/index.php?rest_route=\/wp\/v2\/pages\/2405\/revisions"}],"predecessor-version":[{"id":2408,"href":"https:\/\/www.velika-trnovitica.hr\/index.php?rest_route=\/wp\/v2\/pages\/2405\/revisions\/2408"}],"wp:attachment":[{"href":"https:\/\/www.velika-trnovitica.hr\/index.php?rest_route=%2Fwp%2Fv2%2Fmedia&parent=2405"}],"curies":[{"name":"wp","href":"https:\/\/api.w.org\/{rel}","templated":true}]}}