{"id":1439,"date":"2019-01-30T11:44:16","date_gmt":"2019-01-30T11:44:16","guid":{"rendered":"http:\/\/www.velika-trnovitica.hr\/?page_id=1439"},"modified":"2024-01-17T07:30:18","modified_gmt":"2024-01-17T07:30:18","slug":"izvjesca-o-radu-opcinskog-nacelnika","status":"publish","type":"page","link":"https:\/\/www.velika-trnovitica.hr\/?page_id=1439","title":{"rendered":"Izvje\u0161\u0107a o radu op\u0107inskog na\u010delnika"},"content":{"rendered":"<div>Op\u0107inski na\u010delnik je odgovoran za ustavnost i zakonitost obavljanja poslova koji su u njegovom djelokrugu i za ustavnost i zakonitost akata upravnih tijela Op\u0107ine.<\/div>\n<div>Sukladno Statutu Op\u0107ine Velika Trnovitica op\u0107inski na\u010delnik dva puta godi\u0161nje podnosi izvje\u0161\u0107e o radu op\u0107inskom vije\u0107u kao predstavni\u010dkom tijelu\u00a0 Op\u0107ine Velika Trnovitica.<\/div>\n<div><\/div>\n<div><\/div>\n<p><!--more--><\/p>\n<div><a href=\"https:\/\/www.velika-trnovitica.hr\/wp-content\/uploads\/2024\/01\/Izvjesce-o-radu-nacelnika-srpanj-prosinac-2022.-godine.pdf\">Izvje\u0161\u0107e o radu na\u010delnika -srpanj &#8211; prosinac 2022. godine<\/a><\/div>\n<div><\/div>\n<div><a href=\"https:\/\/www.velika-trnovitica.hr\/wp-content\/uploads\/2024\/01\/Izvjesce-o-radu-nacelnika-sijecanj-lipanj-2023.pdf\">Izvje\u0161\u0107e o radu na\u010delnika &#8211; sije\u010danj &#8211; lipanj 2023.<\/a><\/div>\n<div><\/div>\n<div><a href=\"https:\/\/www.velika-trnovitica.hr\/wp-content\/uploads\/2023\/01\/Izvje\u0161\u0107e-na\u010delnika-sije\u010danj-lipanj-2022.-god..pdf\">Izvje\u0161\u0107e na\u010delnika &#8211; sije\u010danj &#8211; lipanj 2022. god.<\/a><\/div>\n<div><\/div>\n<div><a href=\"https:\/\/www.velika-trnovitica.hr\/wp-content\/uploads\/2022\/03\/Izvje\u0161\u0107e-na\u010delnika-srpanj-prosinac-2021.pdf\">Izvje\u0161\u0107e na\u010delnika &#8211; srpanj- prosinac 2021<\/a><\/div>\n<div><\/div>\n<div><a href=\"https:\/\/www.velika-trnovitica.hr\/wp-content\/uploads\/2022\/01\/izvje\u0161\u0107e-na\u010delnika-sije\u010danj-lipanj-2021.pdf\">izvje\u0161\u0107e na\u010delnika &#8211; sije\u010danj &#8211; lipanj 2021<\/a><\/div>\n<div><\/div>\n<div><a href=\"https:\/\/www.velika-trnovitica.hr\/wp-content\/uploads\/2021\/03\/Izvje\u0161\u0107e-na\u010delnika-srpanj-prosinac-2020.pdf\">Izvje\u0161\u0107e na\u010delnika &#8211; srpanj &#8211; prosinac 2020<\/a><\/div>\n<div><\/div>\n<div><a href=\"https:\/\/www.velika-trnovitica.hr\/wp-content\/uploads\/2021\/03\/Izvje\u0161\u0107e-na\u010delnika-sije\u010danj-lipanj-2020.pdf\">Izvje\u0161\u0107e na\u010delnika &#8211; sije\u010danj &#8211; lipanj 2020<\/a><\/div>\n<div><\/div>\n<div><a href=\"https:\/\/www.velika-trnovitica.hr\/wp-content\/uploads\/2021\/03\/Izvje\u0161\u0107e-na\u010delnika-srpanj-prosinac-2019.pdf\">Izvje\u0161\u0107e na\u010delnika &#8211; srpanj &#8211; prosinac 2019<\/a><\/div>\n<p><a href=\"https:\/\/www.velika-trnovitica.hr\/wp-content\/uploads\/2021\/01\/Izvje\u0161\u0107e-na\u010delnika-sije\u010danj-lipanj-2019.pdf\">Izvje\u0161\u0107e na\u010delnika &#8211; sije\u010danj &#8211; lipanj 2019<\/a><\/p>\n<p><a href=\"https:\/\/www.velika-trnovitica.hr\/wp-content\/uploads\/2019\/03\/Izvje\u0161\u0107e-o-radu-op\u0107inskog-na\u010delnika-7.-12.-2018..pdf\">Izvje\u0161\u0107e o radu op\u0107inskog na\u010delnika 7.-12. 2018.<\/a><\/p>\n<p><a href=\"https:\/\/www.velika-trnovitica.hr\/wp-content\/uploads\/2019\/03\/Izvje\u0161\u0107e-o-radu-op\u0107inskog-na\u010delnika-1-6-mj-2018..pdf\">Izvje\u0161\u0107e o radu op\u0107inskog na\u010delnika 1-6 mj 2018.<\/a><\/p>\n<p><a href=\"https:\/\/www.velika-trnovitica.hr\/wp-content\/uploads\/2019\/01\/izvje\u0161\u0107e-na\u010delnika-2017.pdf\">izvje\u0161\u0107e-na\u010delnika-2017<\/a><\/p>\n<p><a href=\"https:\/\/www.velika-trnovitica.hr\/wp-content\/uploads\/2019\/01\/Izvje\u0161\u0107e-na\u010delnika-2016.pdf\">Izvje\u0161\u0107e-na\u010delnika-2016<\/a><\/p>\n<p><a href=\"https:\/\/www.velika-trnovitica.hr\/wp-content\/uploads\/2019\/01\/Izvje\u0161\u0107e-na\u010delnika-2015.pdf\">Izvje\u0161\u0107e na\u010delnika -2015<\/a><\/p>\n","protected":false},"excerpt":{"rendered":"<p>Op\u0107inski na\u010delnik je odgovoran za ustavnost i zakonitost obavljanja poslova koji su u njegovom djelokrugu i za ustavnost i zakonitost akata upravnih tijela Op\u0107ine. Sukladno Statutu Op\u0107ine Velika Trnovitica op\u0107inski na\u010delnik dva puta godi\u0161nje podnosi izvje\u0161\u0107e o radu op\u0107inskom vije\u0107u kao predstavni\u010dkom tijelu\u00a0 Op\u0107ine Velika Trnovitica.<\/p>\n","protected":false},"author":1,"featured_media":0,"parent":0,"menu_order":0,"comment_status":"closed","ping_status":"closed","template":"","meta":{"ngg_post_thumbnail":0,"footnotes":""},"class_list":["post-1439","page","type-page","status-publish","hentry"],"_links":{"self":[{"href":"https:\/\/www.velika-trnovitica.hr\/index.php?rest_route=\/wp\/v2\/pages\/1439","targetHints":{"allow":["GET"]}}],"collection":[{"href":"https:\/\/www.velika-trnovitica.hr\/index.php?rest_route=\/wp\/v2\/pages"}],"about":[{"href":"https:\/\/www.velika-trnovitica.hr\/index.php?rest_route=\/wp\/v2\/types\/page"}],"author":[{"embeddable":true,"href":"https:\/\/www.velika-trnovitica.hr\/index.php?rest_route=\/wp\/v2\/users\/1"}],"replies":[{"embeddable":true,"href":"https:\/\/www.velika-trnovitica.hr\/index.php?rest_route=%2Fwp%2Fv2%2Fcomments&post=1439"}],"version-history":[{"count":12,"href":"https:\/\/www.velika-trnovitica.hr\/index.php?rest_route=\/wp\/v2\/pages\/1439\/revisions"}],"predecessor-version":[{"id":3796,"href":"https:\/\/www.velika-trnovitica.hr\/index.php?rest_route=\/wp\/v2\/pages\/1439\/revisions\/3796"}],"wp:attachment":[{"href":"https:\/\/www.velika-trnovitica.hr\/index.php?rest_route=%2Fwp%2Fv2%2Fmedia&parent=1439"}],"curies":[{"name":"wp","href":"https:\/\/api.w.org\/{rel}","templated":true}]}}

Izvješća o radu općinskog načelnika

<div>Općinski načelnik je odgovoran za ustavnost i zakonitost obavljanja poslova koji su u njegovom djelokrugu i za ustavnost i zakonitost akata upravnih tijela Općine.</div>
<div>Sukladno Statutu Općine Velika Trnovitica općinski načelnik dva puta godišnje podnosi izvješće o radu općinskom vijeću kao predstavničkom tijelu  Općine Velika Trnovitica.</div>
<div></div>
<div></div>
<p><!--more--></p>
<div><a href="https://www.velika-trnovitica.hr/wp-content/uploads/2024/01/Izvjesce-o-radu-nacelnika-srpanj-prosinac-2022.-godine.pdf">Izvješće o radu načelnika -srpanj &#8211; prosinac 2022. godine</a></div>
<div></div>
<div><a href="https://www.velika-trnovitica.hr/wp-content/uploads/2024/01/Izvjesce-o-radu-nacelnika-sijecanj-lipanj-2023.pdf">Izvješće o radu načelnika &#8211; siječanj &#8211; lipanj 2023.</a></div>
<div></div>
<div><a href="https://www.velika-trnovitica.hr/wp-content/uploads/2023/01/Izvješće-načelnika-siječanj-lipanj-2022.-god..pdf">Izvješće načelnika &#8211; siječanj &#8211; lipanj 2022. god.</a></div>
<div></div>
<div><a href="https://www.velika-trnovitica.hr/wp-content/uploads/2022/03/Izvješće-načelnika-srpanj-prosinac-2021.pdf">Izvješće načelnika &#8211; srpanj- prosinac 2021</a></div>
<div></div>
<div><a href="https://www.velika-trnovitica.hr/wp-content/uploads/2022/01/izvješće-načelnika-siječanj-lipanj-2021.pdf">izvješće načelnika &#8211; siječanj &#8211; lipanj 2021</a></div>
<div></div>
<div><a href="https://www.velika-trnovitica.hr/wp-content/uploads/2021/03/Izvješće-načelnika-srpanj-prosinac-2020.pdf">Izvješće načelnika &#8211; srpanj &#8211; prosinac 2020</a></div>
<div></div>
<div><a href="https://www.velika-trnovitica.hr/wp-content/uploads/2021/03/Izvješće-načelnika-siječanj-lipanj-2020.pdf">Izvješće načelnika &#8211; siječanj &#8211; lipanj 2020</a></div>
<div></div>
<div><a href="https://www.velika-trnovitica.hr/wp-content/uploads/2021/03/Izvješće-načelnika-srpanj-prosinac-2019.pdf">Izvješće načelnika &#8211; srpanj &#8211; prosinac 2019</a></div>
<p><a href="https://www.velika-trnovitica.hr/wp-content/uploads/2021/01/Izvješće-načelnika-siječanj-lipanj-2019.pdf">Izvješće načelnika &#8211; siječanj &#8211; lipanj 2019</a></p>
<p><a href="https://www.velika-trnovitica.hr/wp-content/uploads/2019/03/Izvješće-o-radu-općinskog-načelnika-7.-12.-2018..pdf">Izvješće o radu općinskog načelnika 7.-12. 2018.</a></p>
<p><a href="https://www.velika-trnovitica.hr/wp-content/uploads/2019/03/Izvješće-o-radu-općinskog-načelnika-1-6-mj-2018..pdf">Izvješće o radu općinskog načelnika 1-6 mj 2018.</a></p>
<p><a href="https://www.velika-trnovitica.hr/wp-content/uploads/2019/01/izvješće-načelnika-2017.pdf">izvješće-načelnika-2017</a></p>
<p><a href="https://www.velika-trnovitica.hr/wp-content/uploads/2019/01/Izvješće-načelnika-2016.pdf">Izvješće-načelnika-2016</a></p>
<p><a href="https://www.velika-trnovitica.hr/wp-content/uploads/2019/01/Izvješće-načelnika-2015.pdf">Izvješće načelnika -2015</a></p>

<p>Općinski načelnik je odgovoran za ustavnost i zakonitost obavljanja poslova koji su u njegovom djelokrugu i za ustavnost i zakonitost akata upravnih tijela Općine. Sukladno Statutu Općine Velika Trnovitica općinski načelnik dva puta godišnje podnosi izvješće o radu općinskom vijeću kao predstavničkom tijelu  Općine Velika Trnovitica.</p>
