{"id":1220,"date":"2018-10-01T19:09:45","date_gmt":"2018-10-01T19:09:45","guid":{"rendered":"http:\/\/www.velika-trnovitica.hr\/?page_id=1220"},"modified":"2021-06-21T08:33:09","modified_gmt":"2021-06-21T08:33:09","slug":"opcinsko-vijece","status":"publish","type":"page","link":"https:\/\/www.velika-trnovitica.hr\/?page_id=1220","title":{"rendered":"Op\u0107insko vije\u0107e"},"content":{"rendered":"<div class=\"m_2118603232502985246gmail-itemHeader\">\n<h2 class=\"m_2118603232502985246gmail-itemTitle\"><\/h2>\n<\/div>\n<div class=\"m_2118603232502985246gmail-itemBody\">\n<div class=\"m_2118603232502985246gmail-itemFullText\">\n<p>Op\u0107insko vije\u0107e Op\u0107ine Velika Trnovitica je predstavni\u010dko tijelo gra\u0111ana i tijelo Op\u0107ine\u00a0 Velika Trnovitica\u00a0\u00a0koje donosi akte u okviru djelokruga jedinice lokalne samouprave te obavlja druge poslove u skladu sa zakonom i Statutom Op\u0107ine\u00a0 Velika Trnovitica.<\/p>\n<p>Broj \u010dlanova predstavni\u010dkog tijela mora biti neparan te je Zakon o lokalnoj i podru\u010dnoj samoupravi odre\u0111eno da Op\u0107insko vije\u0107e ima devet \u010dlanova.<br \/>\nMandat \u010dlana Op\u0107inskog vije\u0107a izabranog na redovnim izborima traje \u010detiri godine, odnosno do dana stupanja na snagu odluke Vlade RH o raspisivanju sljede\u0107ih redovnih izbora. Mandat \u010dlanova op\u0107inskog vije\u0107a izabranih na prijevremenim izborima traje do isteka teku\u0107eg mandata op\u0107inskog vije\u0107a izabranog na redovnim izborima.<\/p>\n<p>\u010clanovi Op\u0107inskog vije\u0107a nemaju obvezuju\u0107i mandat i nisu opozivi te svoju du\u017enost obavljaju po\u010dasno i za to ne primaju pla\u0107u. \u010clan Op\u0107inskog vije\u0107a ima pravo na naknadu tro\u0161kova u skladu s posebnom odlukom Op\u0107inskog vije\u0107a.<\/p>\n<p>Op\u0107insko vije\u0107e smatra se konstituiranim izborom predsjednika na prvoj sjednici na kojoj je nazo\u010dna ve\u0107ina \u010dlanova Op\u0107inskog vije\u0107a.<br \/>\nTemeljem odredbi Statuta Op\u0107ine Velika Trnovitica, Op\u0107insko vije\u0107e ima predsjednika i jednog potpredsjednika, koji se biraju ve\u0107inom glasova svih \u010dlanova Op\u0107inskog vije\u0107a.<\/p>\n<p>Sukladno provedenim izborima za izbor \u010dlanova predstavni\u010dkih tijela jedinica lokalne i podru\u010dne (regionalne) samouprave, odr\u017eanim 16. svibnja 2021. godine, utvr\u0111en je sljede\u0107i sastav Op\u0107inskog vije\u0107a Op\u0107ine Velika Trnovitica:<\/p>\n<p><strong>OP\u0106INSKO VIJE\u0106E\u00a0<\/strong><\/p>\n<ol>\n<li><strong> Marica Prohaska, predsjednica (HDZ)\u00a0<\/strong><\/li>\n<li><strong> Mile Dela\u010d, podpredsjednik (HDZ)<\/strong><\/li>\n<li><strong> Ivan \u010cukman\u00a0(HDZ)<\/strong><\/li>\n<li><strong> Zvonko Vu\u010dini\u0107 (HDZ)<\/strong><\/li>\n<li><strong> Marinko Savi\u0107 (HDZ)<\/strong><\/li>\n<li><strong> Jelena Bari\u0161i\u0107 (HDZ)<\/strong><\/li>\n<li><strong> Anamaria Fadljevi\u0107 (HSS)<\/strong><\/li>\n<li><strong> Matej Majcan (HSS)<\/strong><\/li>\n<li><strong> Josipa Evaj ( Damir Bajs NL, HSU, SU, BUZ, HRVATSKA NARODNA STRANKA \u2013 LIBERALNI DEMOKRATI, DEMOKRATI, NARODNA STRANKA \u2013 REFORMISTI, NSH, GLAS<\/strong><\/li>\n<\/ol>\n<\/div>\n<\/div>\n","protected":false},"excerpt":{"rendered":"<p>Op\u0107insko vije\u0107e Op\u0107ine Velika Trnovitica je predstavni\u010dko tijelo gra\u0111ana i tijelo Op\u0107ine\u00a0 Velika Trnovitica\u00a0\u00a0koje donosi akte u okviru djelokruga jedinice lokalne samouprave te obavlja druge poslove u skladu sa zakonom i Statutom Op\u0107ine\u00a0 Velika Trnovitica. Broj \u010dlanova predstavni\u010dkog tijela mora biti neparan te je Zakon o lokalnoj i podru\u010dnoj samoupravi odre\u0111eno da Op\u0107insko vije\u0107e ima [&hellip;]<\/p>\n","protected":false},"author":1,"featured_media":0,"parent":0,"menu_order":0,"comment_status":"closed","ping_status":"closed","template":"","meta":{"ngg_post_thumbnail":0,"footnotes":""},"class_list":["post-1220","page","type-page","status-publish","hentry"],"_links":{"self":[{"href":"https:\/\/www.velika-trnovitica.hr\/index.php?rest_route=\/wp\/v2\/pages\/1220","targetHints":{"allow":["GET"]}}],"collection":[{"href":"https:\/\/www.velika-trnovitica.hr\/index.php?rest_route=\/wp\/v2\/pages"}],"about":[{"href":"https:\/\/www.velika-trnovitica.hr\/index.php?rest_route=\/wp\/v2\/types\/page"}],"author":[{"embeddable":true,"href":"https:\/\/www.velika-trnovitica.hr\/index.php?rest_route=\/wp\/v2\/users\/1"}],"replies":[{"embeddable":true,"href":"https:\/\/www.velika-trnovitica.hr\/index.php?rest_route=%2Fwp%2Fv2%2Fcomments&post=1220"}],"version-history":[{"count":5,"href":"https:\/\/www.velika-trnovitica.hr\/index.php?rest_route=\/wp\/v2\/pages\/1220\/revisions"}],"predecessor-version":[{"id":2459,"href":"https:\/\/www.velika-trnovitica.hr\/index.php?rest_route=\/wp\/v2\/pages\/1220\/revisions\/2459"}],"wp:attachment":[{"href":"https:\/\/www.velika-trnovitica.hr\/index.php?rest_route=%2Fwp%2Fv2%2Fmedia&parent=1220"}],"curies":[{"name":"wp","href":"https:\/\/api.w.org\/{rel}","templated":true}]}}

Općinsko vijeće

<div class="m_2118603232502985246gmail-itemHeader">
<h2 class="m_2118603232502985246gmail-itemTitle"></h2>
</div>
<div class="m_2118603232502985246gmail-itemBody">
<div class="m_2118603232502985246gmail-itemFullText">
<p>Općinsko vijeće Općine Velika Trnovitica je predstavničko tijelo građana i tijelo Općine  Velika Trnovitica  koje donosi akte u okviru djelokruga jedinice lokalne samouprave te obavlja druge poslove u skladu sa zakonom i Statutom Općine  Velika Trnovitica.</p>
<p>Broj članova predstavničkog tijela mora biti neparan te je Zakon o lokalnoj i područnoj samoupravi određeno da Općinsko vijeće ima devet članova.<br />
Mandat člana Općinskog vijeća izabranog na redovnim izborima traje četiri godine, odnosno do dana stupanja na snagu odluke Vlade RH o raspisivanju sljedećih redovnih izbora. Mandat članova općinskog vijeća izabranih na prijevremenim izborima traje do isteka tekućeg mandata općinskog vijeća izabranog na redovnim izborima.</p>
<p>Članovi Općinskog vijeća nemaju obvezujući mandat i nisu opozivi te svoju dužnost obavljaju počasno i za to ne primaju plaću. Član Općinskog vijeća ima pravo na naknadu troškova u skladu s posebnom odlukom Općinskog vijeća.</p>
<p>Općinsko vijeće smatra se konstituiranim izborom predsjednika na prvoj sjednici na kojoj je nazočna većina članova Općinskog vijeća.<br />
Temeljem odredbi Statuta Općine Velika Trnovitica, Općinsko vijeće ima predsjednika i jednog potpredsjednika, koji se biraju većinom glasova svih članova Općinskog vijeća.</p>
<p>Sukladno provedenim izborima za izbor članova predstavničkih tijela jedinica lokalne i područne (regionalne) samouprave, održanim 16. svibnja 2021. godine, utvrđen je sljedeći sastav Općinskog vijeća Općine Velika Trnovitica:</p>
<p><strong>OPĆINSKO VIJEĆE </strong></p>
<ol>
<li><strong> Marica Prohaska, predsjednica (HDZ) </strong></li>
<li><strong> Mile Delač, podpredsjednik (HDZ)</strong></li>
<li><strong> Ivan Čukman (HDZ)</strong></li>
<li><strong> Zvonko Vučinić (HDZ)</strong></li>
<li><strong> Marinko Savić (HDZ)</strong></li>
<li><strong> Jelena Barišić (HDZ)</strong></li>
<li><strong> Anamaria Fadljević (HSS)</strong></li>
<li><strong> Matej Majcan (HSS)</strong></li>
<li><strong> Josipa Evaj ( Damir Bajs NL, HSU, SU, BUZ, HRVATSKA NARODNA STRANKA – LIBERALNI DEMOKRATI, DEMOKRATI, NARODNA STRANKA – REFORMISTI, NSH, GLAS</strong></li>
</ol>
</div>
</div>

<p>Općinsko vijeće Općine Velika Trnovitica je predstavničko tijelo građana i tijelo Općine  Velika Trnovitica  koje donosi akte u okviru djelokruga jedinice lokalne samouprave te obavlja druge poslove u skladu sa zakonom i Statutom Općine  Velika Trnovitica. Broj članova predstavničkog tijela mora biti neparan te je Zakon o lokalnoj i područnoj samoupravi određeno da Općinsko vijeće ima [&hellip;]</p>
