{"id":11,"date":"2013-11-26T15:53:28","date_gmt":"2013-11-26T15:53:28","guid":{"rendered":"http:\/\/www.velika-trnovitica.hr\/?page_id=11"},"modified":"2013-11-28T22:42:39","modified_gmt":"2013-11-28T22:42:39","slug":"opcinska-mjesta","status":"publish","type":"page","link":"https:\/\/www.velika-trnovitica.hr\/?page_id=11","title":{"rendered":"Op\u0107inska mjesta"},"content":{"rendered":"<h2 style=\"text-align: left; padding-left: 90px;\"><\/h2>\n<h2 style=\"text-align: left; padding-left: 90px;\"><\/h2>\n<h2 style=\"text-align: left;\">Velika Trnovitica je op\u0107insko sredi\u0161te uz koje su vezana naselja:<\/h2>\n<p>&nbsp;<\/p>\n<ul>\n<li><strong style=\"font-family: sans-serif; font-size: medium; font-style: normal; font-variant: normal; line-height: normal;\">Gornja Plo\u0161\u010dica,\u00a0<\/strong><\/li>\n<li><strong style=\"font-family: sans-serif; font-size: medium; font-style: normal; font-variant: normal; line-height: normal;\">Gornja Trnovitica,\u00a0<\/strong><\/li>\n<li><strong style=\"font-family: sans-serif; font-size: medium; font-style: normal; font-variant: normal; line-height: normal;\">Mala Mlinska,\u00a0<\/strong><\/li>\n<li><strong style=\"font-family: sans-serif; font-size: medium; font-style: normal; font-variant: normal; line-height: normal;\">Mala Trnovitica,\u00a0<\/strong><\/li>\n<li><strong style=\"font-family: sans-serif; font-size: medium; font-style: normal; font-variant: normal; line-height: normal;\">Mlinski Vinogradi,\u00a0<\/strong><\/li>\n<li><strong style=\"font-family: sans-serif; font-size: medium; font-style: normal; font-variant: normal; line-height: normal;\">Nova Plo\u0161\u010dica,\u00a0<\/strong><\/li>\n<li><strong style=\"font-family: sans-serif; font-size: medium; font-style: normal; font-variant: normal; line-height: normal;\">Velika Mlinska\u00a0<\/strong><\/li>\n<li><strong style=\"font-family: sans-serif; font-size: medium; font-style: normal; font-variant: normal; line-height: normal;\">Velika Trnovitica<\/strong><\/li>\n<\/ul>\n<p>&nbsp;<\/p>\n<p><a href=\"https:\/\/www.velika-trnovitica.hr\/wp-content\/uploads\/2013\/11\/v_trnovitica_4.jpg\"><img loading=\"lazy\" decoding=\"async\" class=\"size-full wp-image-75 aligncenter\" alt=\"v_trnovitica_4\" src=\"https:\/\/www.velika-trnovitica.hr\/wp-content\/uploads\/2013\/11\/v_trnovitica_4.jpg\" width=\"419\" height=\"600\" srcset=\"https:\/\/www.velika-trnovitica.hr\/wp-content\/uploads\/2013\/11\/v_trnovitica_4.jpg 419w, https:\/\/www.velika-trnovitica.hr\/wp-content\/uploads\/2013\/11\/v_trnovitica_4-209x300.jpg 209w\" sizes=\"auto, (max-width: 419px) 100vw, 419px\" \/><\/a><\/p>\n","protected":false},"excerpt":{"rendered":"<p>Velika Trnovitica je op\u0107insko sredi\u0161te uz koje su vezana naselja: &nbsp; Gornja Plo\u0161\u010dica,\u00a0 Gornja Trnovitica,\u00a0 Mala Mlinska,\u00a0 Mala Trnovitica,\u00a0 Mlinski Vinogradi,\u00a0 Nova Plo\u0161\u010dica,\u00a0 Velika Mlinska\u00a0 Velika Trnovitica &nbsp;<\/p>\n","protected":false},"author":1,"featured_media":0,"parent":0,"menu_order":0,"comment_status":"closed","ping_status":"closed","template":"","meta":{"ngg_post_thumbnail":0,"footnotes":""},"class_list":["post-11","page","type-page","status-publish","hentry"],"_links":{"self":[{"href":"https:\/\/www.velika-trnovitica.hr\/index.php?rest_route=\/wp\/v2\/pages\/11","targetHints":{"allow":["GET"]}}],"collection":[{"href":"https:\/\/www.velika-trnovitica.hr\/index.php?rest_route=\/wp\/v2\/pages"}],"about":[{"href":"https:\/\/www.velika-trnovitica.hr\/index.php?rest_route=\/wp\/v2\/types\/page"}],"author":[{"embeddable":true,"href":"https:\/\/www.velika-trnovitica.hr\/index.php?rest_route=\/wp\/v2\/users\/1"}],"replies":[{"embeddable":true,"href":"https:\/\/www.velika-trnovitica.hr\/index.php?rest_route=%2Fwp%2Fv2%2Fcomments&post=11"}],"version-history":[{"count":5,"href":"https:\/\/www.velika-trnovitica.hr\/index.php?rest_route=\/wp\/v2\/pages\/11\/revisions"}],"predecessor-version":[{"id":88,"href":"https:\/\/www.velika-trnovitica.hr\/index.php?rest_route=\/wp\/v2\/pages\/11\/revisions\/88"}],"wp:attachment":[{"href":"https:\/\/www.velika-trnovitica.hr\/index.php?rest_route=%2Fwp%2Fv2%2Fmedia&parent=11"}],"curies":[{"name":"wp","href":"https:\/\/api.w.org\/{rel}","templated":true}]}}